{"id":107,"date":"2018-10-05T15:07:10","date_gmt":"2018-10-05T18:07:10","guid":{"rendered":"http:\/\/www.macla.com.ar\/web\/?page_id=107"},"modified":"2019-03-20T22:05:04","modified_gmt":"2019-03-21T01:05:04","slug":"ubicacion","status":"publish","type":"page","link":"https:\/\/www.macla.ar\/sitio\/ubicacion\/","title":{"rendered":"Ubicaci\u00f3n"},"content":{"rendered":"\t\t<div data-elementor-type=\"wp-post\" data-elementor-id=\"107\" class=\"elementor elementor-107\" data-elementor-post-type=\"page\">\n\t\t\t\t\t\t<section class=\"elementor-section elementor-top-section elementor-element elementor-element-93f9f7a elementor-section-full_width elementor-section-height-default elementor-section-height-default\" data-id=\"93f9f7a\" data-element_type=\"section\" data-e-type=\"section\">\n\t\t\t\t\t\t<div class=\"elementor-container elementor-column-gap-default\">\n\t\t\t\t\t<div class=\"elementor-column elementor-col-100 elementor-top-column elementor-element elementor-element-efd3680\" data-id=\"efd3680\" data-element_type=\"column\" data-e-type=\"column\">\n\t\t\t<div class=\"elementor-widget-wrap elementor-element-populated\">\n\t\t\t\t\t\t<div class=\"elementor-element elementor-element-6bab336 elementor-widget elementor-widget-text-editor\" data-id=\"6bab336\" data-element_type=\"widget\" data-e-type=\"widget\" data-widget_type=\"text-editor.default\">\n\t\t\t\t<div class=\"elementor-widget-container\">\n\t\t\t\t\t\t\t\t\t<p><iframe style=\"border: 0;\" src=\"https:\/\/www.google.com\/maps\/embed?pb=!1m14!1m8!1m3!1d6543.379944324105!2d-57.94985499999999!3d-34.914229!3m2!1i1024!2i768!4f13.1!3m3!1m2!1s0x0%3A0xa0b9e2db0bb6f905!2sMACLA+Museo+de+Arte+Contempor%C3%A1neo+Latinoamericano!5e0!3m2!1ses!2sus!4v1538762806016\" width=\"400\" height=\"300\" frameborder=\"0\" allowfullscreen=\"allowfullscreen\"><\/iframe><\/p><p><strong>CENTRO CULTURAL PASAJE DARDO ROCHA<\/strong><br \/>Direcci\u00f3n:Calle 50 entre 6 y 7 &#8211; C.P. 1900 La Plata<br \/>Tel\u00e9fonos: (0221) 427.1843 \/\/ 482.6524 \/\/ 427.1193<br \/>Entrada:Libre y gratuita, para todo p\u00fablico<\/p><p><strong>Horario Museo<\/strong><br \/><strong>Oto\u00f1o &#8211; Invierno:<\/strong><br \/>Martes a viernes de 10 a 20.<br \/>S\u00e1bados y domingos de 14 a 21.<br \/>Lunes cerrado.<br \/><strong>Primavera &#8211; Verano:<\/strong><br \/>Martes a viernes de 10 a 20.<br \/>S\u00e1bados y domingos de 16 a 22.<br \/>Lunes cerrado.<\/p><p><strong>Horario Administrativo<\/strong><br \/>Oficina Administraci\u00f3n<br \/>Centro Cultural Pasaje Dardo Rocha<br \/>2\u00ba Piso &#8211; Of. 217, 219 y 221<br \/>Tel\u00e9fonos: (0221) 427.1843 \/\/ 482.6524 \/\/ 427.1193<br \/>Horario: lunes a viernes de 8 hs. a 14 hs.<\/p>\t\t\t\t\t\t\t\t<\/div>\n\t\t\t\t<\/div>\n\t\t\t\t\t<\/div>\n\t\t<\/div>\n\t\t\t\t\t<\/div>\n\t\t<\/section>\n\t\t\t\t<\/div>\n\t\t","protected":false},"excerpt":{"rendered":"<p>CENTRO CULTURAL PASAJE DARDO ROCHADirecci\u00f3n:Calle 50 entre 6 y 7 &#8211; C.P. 1900 La PlataTel\u00e9fonos: (0221) 427.1843 \/\/ 482.6524 \/\/ 427.1193Entrada:Libre y gratuita, para todo p\u00fablico Horario MuseoOto\u00f1o &#8211; Invierno:Martes a viernes de 10 a 20.S\u00e1bados y domingos de 14 a 21.Lunes cerrado.Primavera &#8211; Verano:Martes a viernes de 10 a 20.S\u00e1bados y domingos de 16&#8230;<\/p>\n","protected":false},"author":96739693,"featured_media":0,"parent":0,"menu_order":0,"comment_status":"closed","ping_status":"closed","template":"","meta":{"footnotes":""},"class_list":["post-107","page","type-page","status-publish","hentry"],"_links":{"self":[{"href":"https:\/\/www.macla.ar\/sitio\/wp-json\/wp\/v2\/pages\/107","targetHints":{"allow":["GET"]}}],"collection":[{"href":"https:\/\/www.macla.ar\/sitio\/wp-json\/wp\/v2\/pages"}],"about":[{"href":"https:\/\/www.macla.ar\/sitio\/wp-json\/wp\/v2\/types\/page"}],"author":[{"embeddable":true,"href":"https:\/\/www.macla.ar\/sitio\/wp-json\/wp\/v2\/users\/96739693"}],"replies":[{"embeddable":true,"href":"https:\/\/www.macla.ar\/sitio\/wp-json\/wp\/v2\/comments?post=107"}],"version-history":[{"count":0,"href":"https:\/\/www.macla.ar\/sitio\/wp-json\/wp\/v2\/pages\/107\/revisions"}],"wp:attachment":[{"href":"https:\/\/www.macla.ar\/sitio\/wp-json\/wp\/v2\/media?parent=107"}],"curies":[{"name":"wp","href":"https:\/\/api.w.org\/{rel}","templated":true}]}}